t common factor of 56 and 12698.
14
Calculate the greatest common factor of 817377 and 1122.
561
What is the greatest common divisor of 327 and 324?
3
Calculate the highest common factor of 332 and 153799.
83
What is the greatest common divisor of 1001376 and 855?
171
What is the greatest common factor of 2654661 and 19?
19
Calculate the greatest common divisor of 16 and 34832.
16
What is the highest common factor of 8307 and 7137?
117
What is the greatest common factor of 4 and 2026?
2
What is the greatest common divisor of 198 and 11264?
22
Calculate the highest common divisor of 1425 and 10545.
285
Calculate the highest common divisor of 9405 and 380475.
855
What is the greatest common divisor of 2114 and 6?
2
What is the greatest common divisor of 8455 and 356?
89
Calculate the highest common factor of 138918 and 3042.
1014
Calculate the greatest common factor of 2945 and 6324.
31
Calculate the highest common factor of 50365 and 70.
35
Calculate the greatest common factor of 37 and 894697.
37
Calculate the highest common factor of 35875 and 28.
7
What is the greatest common divisor of 418692 and 8?
4
What is the greatest common divisor of 216 and 504128?
8
What is the greatest common factor of 7077 and 123753?
21
Calculate the highest common divisor of 1 and 1537373.
1
Calculate the highest common divisor of 27000 and 18684.
108
Calculate the highest common factor of 37 and 6892471.
37
What is the greatest common factor of 11 and 966559?
11
What is the greatest common factor of 102141 and 162?
81
Calculate the greatest common factor of 1155 and 58740.
165
Calculate the greatest common factor of 28712 and 291.
97
Calculate the highest common factor of 11 and 2908873.
11
Calculate the highest common divisor of 27066 and 442.
26
Calculate the highest common factor of 22468 and 38360.
548
Calculate the greatest common factor of 5934 and 6966.
258
What is the highest common divisor of 2401 and 301497?
343
What is the greatest common divisor of 9215 and 37927?
97
Calculate the greatest common divisor of 775734 and 6.
6
What is the highest common divisor of 22 and 4246?
22
What is the highest common divisor of 42840 and 28?
28
Calculate the highest common divisor of 692554 and 4.
2
What is the highest common factor of 62 and 7026398?
62
Calculate the greatest common factor of 207462 and 48213.
1461
Calculate the greatest common factor of 4819 and 976.
61
What is the highest common factor of 1365644 and 151?
151
What is the highest common divisor of 817 and 475?
19
Calculate the highest common divisor of 21015 and 855.
45
Calculate the greatest common divisor of 190 and 253555.
95
What is the highest common factor of 1700 and 487050?
850
Calculate the highest common divisor of 223366 and 14157.
1573
What is the highest common divisor of 3724 and 26852?
196
What is the greatest common factor of 4186 and 460?
46
Calculate the greatest common factor of 380 and 40470.
190
Calculate the highest common factor of 24245 and 51155.
65
What is the greatest common divisor of 4781 and 21?
7
Calculate the highest common factor of 15 and 133245.
15
What is the greatest common divisor of 23 and 373?
1
What is the greatest common factor of 126 and 274932?
126
Calculate the greatest common factor of 1008 and 177975.
63
Calculate the greatest common divisor of 3726 and 851.
23
Calculate the highest common factor of 52 and 134238.
26
What is the highest common divisor of 132 and 163620?
12
Calculate the highest common divisor of 64933 and 22.
11
What is the highest common factor of 32 and 135808?
32
What is the greatest common factor of 47868 and 2820?
12
What is the greatest common factor of 53485 and 23845?
95
Calculate the greatest common factor of 2553 and 9913.
23
Calculate the greatest common divisor of 15 and 106185.
15
What is the greatest common factor of 2624 and 1696?
32
What is the highest common divisor of 333640 and 133?
19
What is the highest common factor of 18036 and 540?
108
Calculate the greatest common factor of 17600 and 10880.
320
Calculate the highest common factor of 352235 and 5.
5
What is the greatest common divisor of 17602 and 677?
677
What is the greatest common divisor of 144855 and 1110?
555
Calculate the greatest common divisor of 26 and 33917.
13
Calculate the greatest common factor of 8448 and 55.
11
Calculate the greatest common divisor of 3536136 and 408.
408
Calculate the highest common divisor of 1792 and 13952.
128
What is the highest common factor of 40 and 44460?
20
Calculate the greatest common divisor of 1895 and 1015.
5
What is the greatest common factor of 11752 and 7?
1
What is the greatest common factor of 54279 and 999?
333
What is the greatest common factor of 361998 and 2184?
546
What is the highest common factor of 4102 and 8890?
14
Calculate the greatest common factor of 23610 and 930.
30
What is the highest common divisor of 2602005 and 28?
7
Calculate the greatest common factor of 158760 and 5760.
360
What is the highest common divisor of 8 and 78988?
4
Calculate the greatest common factor of 18 and 307539.
9
What is the highest common divisor of 25 and 3173575?
25
What is the highest common factor of 335 and 687889?
67
Calculate the highest common factor of 79374 and 174.
6
Calculate the greatest common factor of 9628 and 49800.
332
What is the highest common divisor of 61239 and 19317?
411
Calculate the highest common factor of 272 and 1460.
4
What is the greatest common divisor of 106814 and 2?
2
What is the highest common factor of 544 and 90976?
32
What is the highest common divisor of 192495 and 1845?
615
What is the greatest common divisor of 23464 and 91?
7
What is the greatest common divisor of 1344 and 2256?
48
Calculate the highest common divisor of 1639560 and 195.
195
Calculate the greatest common divisor of 9576 and 3444.
84
Calculate the highest common divisor of 3307151 and 89.
89
What is the highest common factor of 716430 and 572?
286
What is the greatest common divisor of 24677965 and 1955?
1955
What is the highest common factor of 82 and 19724?
2
What is the greatest common factor of 173952 and 168?
24
What is the greatest common divisor of 714 and 2958?
102
What is the highest common divisor of 413 and 52097?
59
Calculate the highest common factor of 2678 and 1066.
26
Calculate the highest common factor of 730 and 6106085.
365
What is the greatest common divisor of 21172 and 6499?
67
Calculate the highest common divisor of 3 and 108123.
3
Calculate the greatest common divisor of 5735 and 35335.
185
Calculate the highest common divisor of 183675 and 25.
25
What is the greatest common divisor of 327 and 319479?
327
What is the highest common factor of 3779334 and 234?
234
Calculate the greatest common factor of 644184 and 19044.
828
Calculate the highest common divisor of 1242 and 2358.
18
What is the highest common divisor of 1711 and 14691?
59
Calculate the highest common divisor of 13 and 704171.
13
What is the highest common factor of 12407 and 110357?
653
Calculate the highest common divisor of 2584 and 272.
136
What is the highest common divisor of 1026 and 370926?
54
What is the highest common factor of 1029 and 5292?
147
What is the highest common factor of 72 and 133974?
18
What is the greatest common factor of 72455 and 8425?
1685
Calculate the greatest common divisor of 564 and 18744.
12
What is the highest common factor of 401526 and 972?
18
Calculate the greatest common divisor of 76 and 247874.
38
Calculate the highest common divisor of 528 and 28064.
16
Calculate the highest common factor of 25 and 2211825.
25
What is the highest common divisor of 447 and 664689?
447
What is the greatest common factor of 240382 and 4997?
263
Calculate the highest common factor of 84 and 333516.
12
What is the greatest common factor of 12927 and 1023?
93
Calculate the highest common divisor of 679047 and 15.
3
Calculate the greatest common factor of 7040 and 60280.
440
Calculate the highest common factor of 57376 and 66.
22
What is the highest common factor of 523501 and 11?
11
Calculate the greatest common factor of 816675 and 75.
75
What is the greatest common factor of 63 and 23265?
9
Calculate the greatest common divisor of 9 and 49141.
1
What is the greatest common divisor of 15029 and 1